of 17 and m?
17
Let y = 3 + -1. Suppose 4*o - y*g - 508 = 0, 5*o + 4*g = 2*o + 370. Suppose 70 = 7*w - 2*w. What is the highest common factor of o and w?
14
Let b = 9 - 6. Suppose 2*d + 11 = b*d. What is the highest common divisor of d and 77?
11
Let x be ((-12)/8)/(3/8). Let a be (x + 2)*-13 + 4. Let r = -57 - -102. What is the greatest common factor of r and a?
15
Suppose -11 = -d + 2*h + 11, -4*d = 4*h - 64. Let v be 3*-73 - (4 - 6). Let m = -145 - v. What is the highest common factor of d and m?
18
Suppose 5*r - 15 = 35. Let t(q) = q - 5. Let k be t(4). Let m be 0 + k + 5/1. What is the highest common divisor of r and m?
2
Suppose -7*h + 2*h + 125 = 3*b, -2*h + 50 = -b. Suppose 7*i = 4*i + 675. Calculate the greatest common divisor of h and i.
25
Let d(o) = -o**3 - 7*o**2 - 7*o + 3. Let m be d(-6). What is the greatest common factor of m and 3?
3
Suppose -6*q = -2*q + 676. Let v = 284 + q. What is the highest common divisor of 46 and v?
23
Let d(b) = -b + 25. Let z be d(11). Calculate the greatest common factor of 154 and z.
14
Suppose -5*j + 17 - 69 = -3*p, 5*p - 5*j = 100. Let b = -17 + p. Suppose 8*f - 3*f - 385 = 0. What is the highest common divisor of b and f?
7
Suppose 2*l - 3*p = 20 + 13, 0 = p - 5. Calculate the greatest common divisor of 40 and l.
8
Let q(s) = 10*s**2 + 78*s + 12. Let y be q(-9). Calculate the greatest common divisor of 15 and y.
15
Suppose 5*g - 5*k - 6 - 24 = 0, g + 9 = -4*k. Suppose 4*r = 5*o + 48, -g*r + o = -5*r + 10. What is the highest common divisor of r and 63?
7
Suppose -102 = -7*o + 4*o. What is the greatest common factor of o and 170?
34
Let w(s) = -42*s - 2. Let i be w(-1). What is the greatest common divisor of 5 and i?
5
Suppose 0 = 4*d - 32 + 8. Calculate the greatest common divisor of d and 54.
6
Let n be ((-16)/5)/((-6)/195). Let r(x) = 4*x - 3. Let w be r(4). What is the greatest common divisor of n and w?
13
Let j be 3 + 5/(3 - -2). What is the highest common divisor of 36 and j?
4
Suppose -52 = 23*w - 24*w. What is the highest common factor of 13 and w?
13
Suppose 63 = 4*d - 477. Suppose 0 = -n + 5*g + 21, 5*n + g + 4*g - d = 0. Calculate the highest common factor of n and 39.
13
Let w = 66 - 11. What is the highest common divisor of w and 22?
11
Suppose -w + 156 = -6*v + v, 0 = -2*w - 5*v + 327. What is the greatest common divisor of 69 and w?
23
Suppose -12 = -4*i, 2*i = 2*g + 2*g - 594. Suppose 3*a = 3*t - g, -a + 80 = 2*t + a. Calculate the greatest common factor of t and 9.
9
Suppose -o + 22 = o. Let v = 264 + -174. Suppose -5*x = 25, 0 = -2*a + 2*x + 52 + v. What is the highest common divisor of o and a?
11
Suppose 2*z - 5*z + 27 = 3*s, 4*z = 5*s + 63. Let t be 2/8 - (-13)/(-4). Let i be ((-2)/3)/(t/540). Calculate the highest common divisor of z and i.
12
Let a be (-592)/(-14) + (-8)/28. Suppose 5*c = -27 - 28. Let v(o) = o + 25. Let f be v(c). Calculate the highest common divisor of f and a.
14
Suppose 4*m - 1 = -5*y - 0*m, 5*y + 5*m = 0. Suppose -11 = -4*r + y. Let g be (-8)/r*(-4 + 1). Calculate the greatest common factor of 1 and g.
1
Let i(h) = 18*h**2 - h + 1. Let f be i(1). Let p be f/5*10/4. What is the greatest common factor of 6 and p?
3
Let m(u) = -16*u**2 - u. Let d be m(-1). Let i be d*(1 + (-21)/15). Let f = -42 + 84. Calculate the highest common divisor of f and i.
6
Let o(v) = 64*v**2 - v. Let w be o(1). What is the greatest common factor of w and 9?
9
Suppose 0 = 2*w - 2*p, -2*w + 3*p = -0*w + 2. Suppose -2*v - 2*l + 246 - 92 = 0, -w*v + l + 139 = 0. Calculate the greatest common factor of v and 8.
8
Let d(m) = -m**3 - 4*m**2 + 4*m. Let n be d(-5). Calculate the highest common divisor of n and 2.
1
Let v = 3 + -4. Let q be (-4 + -3 - -2)/v. Calculate the greatest common divisor of q and 5.
5
Suppose -2*u - 2*u = 4. Let d = 5 + u. Suppose 0 = 2*s - s - d. What is the highest common factor of 8 and s?
4
Suppose -m - 3*k + 1 - 7 = 0, 5*k = -4*m - 17. Let b = m - -18. Suppose 0 = n - 6*n + b. Calculate the greatest common factor of n and 15.
3
Suppose -t - 4*q + 7 = 0, -3*t - 10 = t - 3*q. Let w = t - -5. Calculate the highest common divisor of w and 6.
2
Suppose j - 5 = -2. Let g = 11 + j. Suppose g = 2*o - 3*x, 2*o - 1 - 3 = -2*x. Calculate the greatest common divisor of 4 and o.
4
Let z = 18 - 12. Let g(y) = y**2 - 13*y + 6. Let f be g(12). Let o = z - f. What is the greatest common divisor of o and 48?
12
Suppose 3*j + 11 = k, 0*j + 12 = -4*j. Suppose k*t - 5*t = -9. Suppose t*l + 63 + 120 = 5*m, -4*m = 4*l - 140. What is the greatest common divisor of 24 and m?
12
Let c = -2 + 5. Suppose 8*z - 3*z + 65 = 0. Let u be 0 + 6/c - z. Calculate the greatest common divisor of u and 15.
15
Let a(v) be the third derivative of v**4/4 + 2*v**3 - 5*v**2. Let l be a(9). Calculate the highest common divisor of 6 and l.
6
Suppose 0 = k - 0*k - 30. Calculate the greatest common factor of k and 50.
10
Suppose 0 = 2*z + 5*m - 6 + 1, -2*z + 10 = 4*m. Calculate the greatest common divisor of 10 and z.
5
Suppose -5*j - 10 = -u, 5*j + u = 6*u - 30. Let l be (7 - j) + -1 + -2. Calculate the highest common factor of l and 10.
5
Let k(x) = -74*x + 6. Let j be k(-1). Calculate the highest common factor of 10 and j.
10
Suppose 5*h + c - 18 = 3*c, -2*c - 14 = -4*h. Let n be (-10)/h*(-6 - -2). What is the greatest common divisor of n and 10?
10
Let o(h) = -h**2 + 9*h + 7. Let r = 4 + -11. Let x = r - -12. Let d be o(x). What is the highest common divisor of 9 and d?
9
Suppose 6 = 3*m - 0. Suppose -m*n + 28 = v, 0*n + 2*n + 4 = 0. Let j(b) = -48*b. Let q be j(-1). Calculate the greatest common divisor of q and v.
16
Suppose 0 = 4*h + 1 - 37. Calculate the highest common factor of 6 and h.
3
Suppose 5*v - 3 = 7, -24 = -q - 4*v. Let k = 19 + 5. Calculate the greatest common factor of q and k.
8
Let t = 116 - 104. What is the greatest common divisor of 16 and t?
4
Let c(n) = 17*n**3 + 2*n**2 + 2*n + 1. Let b be c(3). Suppose -3*r = r - b. What is the greatest common factor of r and 11?
11
Let a be 21/(-4 + 0 + 5). Calculate the highest common factor of 3 and a.
3
Let p = 0 + 7. Let g be (-2)/(-8) - 390/(-8). Calculate the greatest common divisor of p and g.
7
Suppose -q + 2*u - 18 = -5*q, 0 = 3*q + 5*u - 10. Let i be (1 - 17) + 6/3. Let m be (-634)/(-14) - (-4)/i. What is the highest common factor of q and m?
5
Suppose -44 = -2*z + 28. Suppose -5*j = -0*j + 165. Let c = j - -57. What is the highest common factor of z and c?
12
Suppose 0*g + 190 = 5*g. What is the greatest common factor of 304 and g?
38
Let g = 316 - 184. What is the highest common divisor of g and 12?
12
Suppose -2*i - 41 = -3*i + 2*p, -i - 3*p + 51 = 0. What is the greatest common divisor of i and 5?
5
Let y = 95 - -4. Calculate the greatest common factor of y and 11.
11
Let q(a) = -10*a**2 - 2*a + 1. Let g be q(1). Suppose 2*n - 3*z - 16 = 0, 2*n + 0*n - 6 = -2*z. Let b = n - g. What is the greatest common factor of 16 and b?
16
Let j(t) = -26*t - 19. Let r be j(-5). Calculate the greatest common divisor of r and 74.
37
Suppose 3*n + 2*n - 5 = 0. Let u(m) = 2*m - 1. Let b be u(-1). Let g = b + 4. Calculate the highest common divisor of n and g.
1
Suppose 5*n + 4*o - 85 = -o, 0 = 5*n + 4*o - 84. Calculate the greatest common factor of n and 4.
4
Suppose 0 = -2*h + 3*a + 15, a + 15 = 3*h - a. Suppose -z - 48 = -h*z. Let d = -12 + z. Calculate the greatest common factor of d and 108.
12
Let o = 79 - 51. Suppose 4*d - 2*s + 2 = 0, -5*d + o - 8 = 2*s. Calculate the greatest common factor of 5 and d.
1
Suppose -5*b = 3*z - 74, 4*b + 20 = -2*z + 4*z. What is the greatest common factor of z and 144?
18
Suppose -3 + 11 = -4*a. Suppose -4*f + 3*z = 2*z + 9, -1 = -4*f - z. Let j be (-7)/a - f/2. Calculate the highest common factor of 20 and j.
4
Suppose 10*z - 63 = 7*z. Calculate the highest common divisor of 14 and z.
7
Suppose 3*a + 2*r = 40, 2*a - a - 5*r = 19. What is the greatest common factor of 35 and a?
7
Suppose 0 = -5*d + 5*z + 78 + 72, 5*d - 3*z - 150 = 0. Let y = -8 + d. Let x = -97 - -141. What is the highest common factor of y and x?
22
Let t be (0 + -3)*(-12)/9. Calculate the greatest common divisor of t and 36.
4
Suppose -32*p + 31*p = -161. Calculate the highest common divisor of 23 and p.
23
Let n = 46 - 23. Let z = 11 